15) + 24)?
36
What is the value of -4 - ((-9 - -13) + 16)?
-24
What is the value of (20 - 58 - -26) + 12?
0
Evaluate (32 - 13) + -9 + 2 - 8.
4
24 - (-46 + 83) - (1 + -1 + 0)
-13
-2 + (-2 - -6) + (1 - 13) + 1
-9
-18 + 13 + (-1 - -10)
4
Calculate -8 + (-3 - (14 - 26)).
1
Calculate -8 - (4 - (-4 - -10 - -2)).
-4
Evaluate 28 - (47 - (25 - 14)).
-8
What is the value of -19 - (13 + -2 - (-65 - -76))?
-19
Evaluate (-12 - 6) + 29 + 8.
19
What is -1 - 9 - -37 - 21?
6
What is 1 - 1 - (-43 + 15 - -20)?
8
Evaluate -2 + 4 + -5 - 8.
-11
(-2 - -8) + (51 - 54) + -11 - 18
-26
Evaluate 12 - (18 + -7 - 9).
10
What is the value of (-3 + 6 - -9) + -35 + 4 + -1?
-20
Evaluate -24 + (-28 + 19 - -16).
-17
What is the value of (47 - (16 - -18)) + -37?
-24
Evaluate 6 - (30 - 7 - 14).
-3
Evaluate 16 + (10 - (13 - (10 + 11))).
34
What is -55 + 9 + 84 - 46?
-8
Calculate 6 + 13 + (-5 - (-1 + -1)).
16
What is (-3 - (4 - 2 - -1)) + (956 - 971)?
-21
What is the value of -20 + (23 - 9) - -26?
20
What is (-15 - (7 + -2)) + (-25 - -15)?
-30
Evaluate 2 + -6 - 8 - (-22 - -20).
-10
What is 0 - (1 - 6) - (27 + (-80 - -49))?
9
What is the value of 25 - 13 - 22 - -8?
-2
Evaluate 4 + (-23 - -27 - -6).
14
8 - (17 + 5) - -1
-13
What is (3 + -12 - -1) + -5?
-13
(1 + -13 - 0) + 7
-5
What is the value of (2 + -4 - 1) + 10 - (26 + -21)?
2
Evaluate 0 - 3 - (4 + -3 + 8).
-12
What is -25 + 22 - -5 - (1 + -13)?
14
(0 - 0) + -7 + 19 + (-19 - -6)
-1
What is the value of (-11 - -2) + (-10 - (-1 - (-4 + 8)))?
-14
Evaluate (-3 + -2 + -1 - -1) + 4 + 2.
1
What is 3 + (8 - (-2 + (12 - (0 + 6))))?
7
Calculate 1061 + -1128 - (-35 - 1).
-31
What is -21 + 10 + 5 - 4?
-10
18 + -18 - ((-1 - (-5 - 4)) + 0)
-8
Evaluate (-43 - -38) + -3 + (2 - -33).
27
What is the value of 0 + 27 + (-205 - -213)?
35
Evaluate 4 - (14 - (3 + 6)).
-1
Evaluate (14 - (12 - 5)) + (6 - -2).
15
Calculate (4 - 11) + (0 - -13) - (8 + 1).
-3
What is (3 + -1 - (-28 - -23)) + -18 + 1?
-10
What is the value of -25 - (14 + -7 + -2 + 0 + 7)?
-37
What is (12 - 12) + -6 + (10 - 2)?
2
What is 2 + -6 + (0 + 3 - (33 - 26))?
-8
What is the value of 1 + (5 - -4) + -11?
-1
(26 - (-18 - -36)) + 2 + -1
9
Calculate 2 + 11 - (-7 + (11 - 16 - -5)).
20
What is 1 - -13 - (4 + 31 + -38)?
17
What is 21 - 13 - ((2 - 1) + 0 + -3)?
10
What is the value of 9 + (3 - (2 - (-3 - (5 - 4))))?
6
Calculate -353 + 328 - (0 - 21).
-4
What is 2 + 36 + -26 - 17?
-5
What is 0 + -40 + -42 + (44 - -12)?
-26
What is the value of (-87 - -104) + (0 - 12)?
5
Calculate (-13 - -35) + -18 - -4.
8
What is the value of -5 + -2 + 6 - -5 - 11?
-7
What is the value of 14 - (6 + (5 - -3))?
0
Calculate (-6 - (-1 - 5 - -3)) + 8 + -5.
0
What is 6 - (6 - (-13 + 7))?
-6
What is 8 + (-11 + 13 - 9 - -9)?
10
What is (-6 - 0) + -73 + 81?
2
What is the value of -6 + 13 + -7 - 0 - (-3 + 7)?
-4
What is the value of (-9 - 0) + -12 + (18 + -23 - -10)?
-16
5 + -2 + 142 + -131
14
What is -129 + 67 - -29 - (1 - 1)?
-33
What is (25 - -4) + (5 - -6 - 4) + -2?
34
Calculate (35 - -8 - 16) + -5.
22
Calculate -13 - -1 - (-206 + 190).
4
What is the value of 19 - (-23 - -43) - (-2 + 2 + 6)?
-7
What is the value of (2 - -5) + ((-2 - 1) + -6 - 2)?
-4
Evaluate -15 + (0 - (2 - 1)) + (548 - 550).
-18
What is 3 - (5 + (-6 - -6))?
-2
Calculate -13 - (-23 - (-24 + 14)).
0
Calculate -6 + -5 + (20 + -1 - (6 - 10)).
12
What is -1 + -16 + -3 + (11 - (5 - 1))?
-13
Evaluate 11 - (10 - -7) - 2.
-8
Evaluate (0 - -9 - (0 - (-12 + 11))) + 12.
20
Calculate (4 - 9) + -1 - (-20 - -24).
-10
What is the value of (-1 - 7 - 0) + (-26 - -3 - -29)?
-2
Evaluate 2 + 3 + -7 - (-5 + (-2 - -11)).
-6
What is the value of -16 + -23 + 15 + (4 - 2) + 4?
-18
-11 + 29 - 18 - -6
6
Calculate -9 - (-22 - -32) - -20.
1
Calculate (54 - 21) + -37 - 6.
-10
Calculate (4 - (-5 - (-4 + -10))) + 3 + 12.
10
What is -7 + 9 + -7 + -5?
-10
-9 + 14 + (9 + -1 - (32 + -1))
-18
What is (-21 - -53) + 9 + -17?
24
Evaluate -27 + 26 + 11 - -12.
22
What is the value of 7 - (-4 + -5 + 21 - 7)?
2
What is the value of 28 + -19 - (17 - 0)?
-8
What is (0 - ((9 - (0 + 1)) + 0)) + 3?
-5
Evaluate (-17 - -16) + -12 + 1.
-12
-12 - (14 - 35) - (9 + 2)
-2
-1 + 0 - (30 + (-8 - 44))
21
Evaluate -30 + 22 + -3 + 6 + -8.
-13
9 - (3 - (18 + -14))
10
What is the value of (-1 - 16) + (-15 - (22 + -43))?
-11
What is the value of 20 + -50 + 3 - (2 - (5 - 7))?
-31
What is the value of 82 - 95 - (-26 + 3)?
10
(0 - -6) + -50 + 13 + 2 + 11
-18
Calculate 5 + (-14 + 23 - 14).
0
What is -34 - (-27 - (0 - 18))?
-25
-2 - (-4 + -12) - (0 + 4 - -2)
8
87 + -78 + 0 + -13
-4
Evaluate (-9 - 4) + 25 + (-34 - -5).
-17
(27 - -7) + -36 + -26
-28
What is the value of (115 - 116) + -3 + 1?
-3
-1 + -24 + -1505 + 1555
25
8 - 3 - (19 + -13 - -1)
-2
Calculate -1 + 6 + -5 - (-25 + 31).
-6
-3 - (-3 - -11) - (-35 + 11 - -32)
-19
Calculate (-72 - -38) + 20 + (0 + 2 - 4).
-16
What is the value of -8 + 18 + (-34 - -5)?
-19
What is -6 + (-6 + (9 - 3) - (0 - -7))?
-13
What is -2 + 5 + (1 - -1 - 4) - -1?
2
11 - 3 - (2 + (1 - -3))
2
Calculate -31 + (3 + 7 + 2 - 5).
-24
What is the value of 869 + -861 + (-1 + 1 - 12)?
-4
Calculate 32 + -14 + -34 + -8 + 4.
-20
What is the value of -2 - (6 + -15) - (6 + 14)?
-13
What is 16 + -4 + (-3 - 10)?
-1
What is 14 + 0 + (29 - 55) + 23?
11
Calculate -23 + 3 + 3 - (0 - (3 + 4)).
-10
What is the value of 6 + -9 + -1 + (-6 - -14)?
4
Evaluate 35 - (31 - 29) - 3.
30
What is -17 + 20 + -6 + -4?
-7
Calculate 7 + 0 + (12 - 0) + -6.
13
What is (6 - (4 + 2)) + 48 + (-135 - -124)?
37
What is the value of -6 + (-7 - 6) + 4?
-15
56 + -20 + -6 + 0
30
Evaluate -6 + 2 - (-25 + 28).
-7
What is the value of -2 + (-16 - -35) + 5?
22
Evaluate (-1 - -5) + (0 - (3 - -5)).
-4
What is the value of 3 - (-9 - (-15 - -16))?
13
Evaluate -28 - (1 + 7 + -24 + 0 + 10).
-22
What is (4 - 3) + 3 + -9 + 15 + -8?
2
Calculate -22 + 0 + -1 + (2 - 15) + 22.
-14
Evaluate (0 + -4 - -3) + 5 + 3 + -13.
-6
Evaluate 34 + -50 + 25 + 5.
14
Calculate (21 - 20 - -11) + 3.
15
Evaluate 0 - (-8 + 10) - -9 - (24 - 34).
17
What is 107 + -97 + -1 + -16?
-7
-13 - (5 - 53 - -20)
15
Calculate (-27 - (18 + -67)) + -4.
18
What is -4 + -6 + 3 + 1 + 6 + -7?
-7
6 + (-21 - -30) + -13
2
Evaluate 2 + -32 + 9 + -4.
-25
-194 + 179 - (-44 - -3)
26
What is (-7 + 11 - 13) + (2 - -3) + -2?
-6
(-23 - -32 - 7) + -8
-6
Calculate 4 + (13 - 10) + 11 - (0 - -6).
12
Evaluate -78 + 103 + (4 - 17).
12
What is -184 + 201 - (1 + 26)?
-10
Calculate 10 + (2 - (17 - 5)).
0
What is -5 + 0 + 3 + 25 + -2?
21
What is 3 + 13 + -2 + -9?
5
What is the value of 5 - (7 + -1) - (80 - 53)?
-28
Calculate (14 - 17 - -4) + 1.
2
6 - 2 - (9 - (38 + -50))
-17
Evaluate 65 + -43 - 37 - -32.
17
What is -8 - -1 - (23 + -41)?
11
9 - 5 - 1 - 9
-6
What is the value of 32 + -50 - 6 - -46?
22
What is 0 + 39 - (3 - (-9 + 7))?
34
13 + -27 - (-22 - (-3 - -9))
14
What is the value of (7 + 0 + -9 - 0) + 5 + 1?
4
What is the value of 1 - -2 - (-55 + -2 + 46)?
14
-21 + -47 + 22 - (10 + -21)
-35
Calculate -32 + 35 + -14 + 0 + -12 + 2.
-21
Evaluate -6 + (427 - 423 - (1 - (-2 + -6))).
-11
-10 + -1 - (-23 - -49 - 25)
-12
Evaluate 8 + -2 + -61 + 43.
-12
What is the value of -69 - (30 + -30 + -37)?
-32
What is (10 - (6 - 4)) + (-15 - 1 - 0)?
-8
Calculate 17 + -23 + 13 + -1.
6
-13 + (6 - 11 - (3 - 2 - 6))
-13
What is the value of 10 - ((11 - 10) + 16 - 8)?
1
5 - (-41 + 7 - -7 - -13)
19
-14 + -11 + 18 + 13 + -10 + -30
-34
(-13 - -28 - 25) + 26
16
What is 33 + (-12 - -7) + 0 - 10?
18
What is the value of (-5 - 1) + (-1 - (-4 + 3 - -2))?
-8
Evaluate -10 + (14 - -8 - 14) + 25.
23
What is the value of -3 + (16 - -8) - (1 + 8)?
12
Evaluate -32 + 37 + 10 + -31.
-16
Evaluate -7 + ((-7 - -4) + 11 - 8) + -1.
-8
What is (0 - (4 - (3 + 0))) + -81 + 80?
-2
Evaluate 25 + -12 - ((-4 - -1) + 6).
10
What is (6 - -3) + (7 - (9 + 5))?
2
Evaluate -5 - -9 - (-1 - -15) - 7.
-17
What is the value of (0 - -33) + -355 + 308?
-14
(16 - 33 - -25) + (0 - 0)
8
What is (-14 - (-75 + 74)) + (-1 - 3)?
-17
What is 1 + (-2 + 4 - 0) - (-3855 + 3863)?
-5
-2 + 1 - (9 + -19 + 1 - -11)
-3
Evaluate -17 - (-27 - -7) - ((-1 - -17) + 0).
-13
Calculate (-2 - (9 - 10)) + (-8 - -3 - -21).
15
What is 11 + -47 + 28 - (1 - 2)?
-7
Evaluate 13 - (0 - -10) - 12 - -12.
3
What is the value of -20 + 24 + -11 - 2?
-9
What is -2 - -29 - 8 - -1?
20
What is (8 + 3 + -5 - 6)